{"id":13,"date":"2025-07-09T18:44:37","date_gmt":"2025-07-09T18:44:37","guid":{"rendered":"https:\/\/ecce-matrix.com\/?page_id=13"},"modified":"2026-01-02T14:31:26","modified_gmt":"2026-01-02T14:31:26","slug":"home","status":"publish","type":"page","link":"https:\/\/ecce-matrix.com\/","title":{"rendered":"Home"},"content":{"rendered":"\n<div class=\"wp-block-cover alignfull has-parallax has-text-color has-link-color wp-elements-c6ead04364dafd9fc7d33df8b2596516\" style=\"color:#fffefe;min-height:635px;aspect-ratio:unset;\"><div class=\"wp-block-cover__image-background has-parallax\" style=\"background-position:50% 50%;background-image:url(https:\/\/ecce-matrix.com\/wp-content\/themes\/kenta-ciela\/assets\/images\/hero-background.jpg)\"><\/div><span aria-hidden=\"true\" class=\"wp-block-cover__background has-background-dim-20 has-background-dim\" style=\"background-color:#1c1c1c\"><\/span><div class=\"wp-block-cover__inner-container is-layout-flow wp-block-cover-is-layout-flow\">\n<p class=\"wp-block-paragraph\"><\/p>\n\n\n\n<h2 class=\"wp-block-heading has-text-align-center has-text-color has-link-color has-6-x-large-font-size wp-elements-2e2cffa2fad191e80b68cc8c25e72818\" style=\"border-radius:1px;color:#fefefe;padding-top:var(--wp--preset--spacing--xx-small);padding-right:var(--wp--preset--spacing--xx-small);padding-bottom:var(--wp--preset--spacing--xx-small);padding-left:var(--wp--preset--spacing--xx-small);text-transform:capitalize\"><br>WE RE-THINK SKIN. <br>YOU OFFER THE DIFFERENCE.<\/h2>\n\n\n\n<div class=\"wp-block-group has-global-padding is-layout-constrained wp-container-core-group-is-layout-08d840d8 wp-block-group-is-layout-constrained\">\n<h2 class=\"wp-block-heading has-text-align-center has-text-color has-link-color wp-elements-d4d1a84336b39fa3e4c39caed9074b25\" style=\"color:#a4fefe\">Partner with <a href=\"https:\/\/www.recelura.com\/\">RECELURA<sup>\u00ae<\/sup><\/a> \u2013 a new brand built on science, elegance, and conviction.<\/h2>\n\n\n\n<h2 class=\"wp-block-heading has-text-align-center has-text-color has-link-color wp-elements-8b70d1a2e8c350b35f5113730b9ab012\" style=\"color:#a4fefe\">Ihre Partnermarke f\u00fcr anspruchsvolle Kosmetikkonzepte mit Substanz.<\/h2>\n<\/div>\n<\/div><\/div>\n\n\n\n<div class=\"wp-block-cover alignfull has-kenta-accent-active-color has-text-color has-link-color wp-elements-5586cae2edcd9bfb12310eb26c1d9432\" style=\"margin-top:0;margin-bottom:0;padding-top:var(--wp--preset--spacing--x-large);padding-bottom:var(--wp--preset--spacing--x-large);min-height:1022px;aspect-ratio:unset;\"><span aria-hidden=\"true\" class=\"wp-block-cover__background has-kenta-base-background-color has-background-dim-100 has-background-dim\"><\/span><div class=\"wp-block-cover__inner-container has-global-padding is-layout-constrained wp-block-cover-is-layout-constrained\">\n<div class=\"wp-block-group alignwide is-layout-flow wp-block-group-is-layout-flow\">\n<figure class=\"wp-block-image size-full is-resized\"><img decoding=\"async\" src=\"https:\/\/ecce-matrix.com\/wp-content\/themes\/kenta-ciela\/assets\/images\/separator.png\" alt=\"\" style=\"aspect-ratio:9.28452602607425;object-fit:cover;width:186px;height:auto\"\/><\/figure>\n\n\n\n<h2 class=\"wp-block-heading\" style=\"text-transform:capitalize\"><mark style=\"background-color:rgba(0, 0, 0, 0)\" class=\"has-inline-color has-kenta-accent-color\">Sp\u00fcrbar anders. Sichtbar neu.<\/mark><\/h2>\n\n\n\n<div class=\"wp-block-columns is-layout-flex wp-container-core-columns-is-layout-3a88641f wp-block-columns-is-layout-flex\">\n<div class=\"wp-block-column is-layout-flow wp-container-core-column-is-layout-c6aab7f7 wp-block-column-is-layout-flow\">\n<div class=\"wp-block-group has-kenta-base-200-background-color has-background has-global-padding is-layout-constrained wp-container-core-group-is-layout-85b4f6ad wp-block-group-is-layout-constrained\" style=\"border-radius:12px;padding-top:0;padding-right:0;padding-bottom:0;padding-left:0\">\n<figure class=\"wp-block-image size-full has-custom-border is-style-rounded\"><img decoding=\"async\" src=\"https:\/\/ecce-matrix.com\/wp-content\/themes\/kenta-ciela\/assets\/images\/work-04.jpg\" alt=\"\" style=\"border-top-left-radius:12px;border-top-right-radius:12px;object-fit:cover\"\/><\/figure>\n\n\n\n<div class=\"wp-block-group has-global-padding is-layout-constrained wp-container-core-group-is-layout-dddc9c82 wp-block-group-is-layout-constrained\" style=\"padding-top:var(--wp--preset--spacing--x-small);padding-right:var(--wp--preset--spacing--medium);padding-bottom:var(--wp--preset--spacing--x-small);padding-left:var(--wp--preset--spacing--medium)\">\n<h3 class=\"wp-block-heading has-text-align-center\"><a href=\"https:\/\/www.recelura.com\/\">RECELURA<sup>\u00ae<\/sup> <\/a><br>&#8211; die innovative Hautpflege-Kosmetikserie.<\/h3>\n\n\n\n<h4 class=\"wp-block-heading has-text-align-center\"><a href=\"https:\/\/www.recelura.com\" data-type=\"link\" data-id=\"https:\/\/recelura.com\">RECELURA<sup>\u00ae<\/sup><\/a> <em>verwendet eine neue <\/em><br><em>innovative Pflegeformel. <\/em><br><br>Die Pflegeformel unterst\u00fctzt ein ebenm\u00e4\u00dfiges Hautbild und schafft ein angenehmes Hautgef\u00fchl.<br><br>Unsere Hautpflegeserie ist vegan, non-invasiv, ohne reizende Inhaltsstoffe oder Nanomaterialien, ist damit besonders hautfreundlich.<br><\/h4>\n\n\n\n<p class=\"has-text-align-center wp-block-paragraph\"><em>Schreiben Sie uns: <a>info@ecce-matrix.com<\/a><\/em><\/p>\n\n\n\n<p class=\"has-text-align-center wp-block-paragraph\"><\/p>\n\n\n\n<p class=\"has-text-align-center wp-block-paragraph\"><em><sup>Die Marke \u201aecce:MATRIX\u2018 wird ausschlie\u00dflich f\u00fcr kosmetische Produkte gem\u00e4\u00df Art. 2 der Verordnung (EG) 1223\/2009 verwendet. Alle Aussagen beziehen sich ausschlie\u00dflich auf kosmetische Wirkungen<\/sup><\/em><sup>.<\/sup><em> <\/em><\/p>\n<\/div>\n<\/div>\n<\/div>\n<\/div>\n<\/div>\n<\/div><\/div>\n\n\n\n<p class=\"wp-block-paragraph\"><\/p>\n","protected":false},"excerpt":{"rendered":"","protected":false},"author":1,"featured_media":0,"parent":0,"menu_order":0,"comment_status":"closed","ping_status":"closed","template":"templates\/boxed-trans-header-page-builder.php","meta":{"_crdt_document":"","site-container-style":"default","site-container-layout":"default","site-sidebar-layout":"default","site-transparent-header":"default","disable-article-header":"default","disable-site-header":"default","disable-site-footer":"default","disable-content-area-spacing":"default","footnotes":""},"class_list":["post-13","page","type-page","status-publish","hentry"],"_links":{"self":[{"href":"https:\/\/ecce-matrix.com\/index.php?rest_route=\/wp\/v2\/pages\/13","targetHints":{"allow":["GET"]}}],"collection":[{"href":"https:\/\/ecce-matrix.com\/index.php?rest_route=\/wp\/v2\/pages"}],"about":[{"href":"https:\/\/ecce-matrix.com\/index.php?rest_route=\/wp\/v2\/types\/page"}],"author":[{"embeddable":true,"href":"https:\/\/ecce-matrix.com\/index.php?rest_route=\/wp\/v2\/users\/1"}],"replies":[{"embeddable":true,"href":"https:\/\/ecce-matrix.com\/index.php?rest_route=%2Fwp%2Fv2%2Fcomments&post=13"}],"version-history":[{"count":90,"href":"https:\/\/ecce-matrix.com\/index.php?rest_route=\/wp\/v2\/pages\/13\/revisions"}],"predecessor-version":[{"id":539,"href":"https:\/\/ecce-matrix.com\/index.php?rest_route=\/wp\/v2\/pages\/13\/revisions\/539"}],"wp:attachment":[{"href":"https:\/\/ecce-matrix.com\/index.php?rest_route=%2Fwp%2Fv2%2Fmedia&parent=13"}],"curies":[{"name":"wp","href":"https:\/\/api.w.org\/{rel}","templated":true}]}}